deformed-offering

NOAA-style climate reports

2017: Jan | Feb | Mar | Apr | May | Jun | Jul | Aug | Sep | Oct | Nov | Dec 
2016: Jan | Feb | Mar | Apr | May | Jun | Jul | Aug | Sep | Oct | Nov | Dec 
2015: Jan | Feb | Mar | Apr | May | Jun | Jul | Aug | Sep | Oct | Nov | Dec 
2014: Jan | Feb | Mar | Apr | May | Jun | Jul | Aug | Sep | Oct | Nov | Dec 
2013: Jan | Feb | Mar | Apr | May | Jun | Jul | Aug | Sep | Oct | Nov | Dec 
2012: Jan | Feb | Mar | Apr | May | Jun | Jul | Aug | Sep | Oct | Nov | Dec 
2011: Jan | Feb | Mar | Apr | May | Jun | Jul | Aug | Sep | Oct | Nov | Dec 
2010: Jan | Feb | Mar | Apr | May | Jun | Jul | Aug | Sep | Oct | Nov | Dec 
2009: Jan | Feb | Mar | Apr | May | Jun | Jul | Aug | Sep | Oct | Nov | Dec 
2008: Jan | Feb | Mar | Apr | May | Jun | Jul | Aug | Sep | Oct | Nov | Dec 
2007: Jan | Feb | Mar | Apr | May | Jun | Jul | Aug | Sep | Oct | Nov | Dec 
2006: Jan | Feb | Mar | Apr | May | Jun | Jul | Aug | Sep | Oct | Nov | Dec 
2005: Jan | Feb | Mar | Apr | May | Jun | Jul | Aug | Sep | Oct | Nov | Dec 
2004: Jan | Feb | Mar | Apr | May | Jun | Jul | Aug | Sep | Oct | Nov | Dec 

Report for 2017 08
MONTHLY CLIMATOLOGICAL SUMMARY for AUG. 2017 NAME: KCASARAT1 CITY: Saratoga STATE: CA ELEV: 375 ft LAT: 37 16' 28" N LONG: 122 01' 23" W TEMPERATURE (F), RAIN (in), WIND SPEED (mph) HEAT COOL AVG MEAN DEG DEG WIND DOM DAY TEMP HIGH TIME LOW TIME DAYS DAYS RAIN SPEED HIGH TIME DIR ------------------------------------------------------------------------------------ 1 72.7 92.5 2:40p 56.0 5:55a 2.2 9.9 0.00 1.2 10.0 12:50p N 2 76.4 93.6 4:05p 60.7 4:05a 0.7 12.1 0.00 1.3 11.0 1:50p N 3 77.2 89.3 12:50p 68.8 6:20a 0.0 12.2 0.00 0.9 10.0 3:20p N 4 74.8 82.6 5:00p 67.4 12:00m 0.0 9.8 0.00 0.8 11.0 2:50a NE 5 71.2 83.2 3:05p 62.1 5:55a 0.4 6.5 0.00 1.8 14.0 2:25p N 6 68.9 80.5 12:35p 61.6 2:05a 0.7 4.6 0.00 1.8 13.0 1:10p N 7 67.5 77.2 3:30p 61.6 6:25a 1.2 3.7 0.00 1.8 12.0 3:30p N 8 68.2 79.8 2:45p 62.0 6:00a 1.0 4.2 0.00 1.7 13.0 3:45p N 9 66.8 76.0 1:25p 62.0 6:45a 1.0 2.8 0.00 1.9 12.0 2:40p N 10 67.2 79.0 2:50p 61.2 5:45a 1.4 3.7 0.00 1.8 11.0 2:35p N 11 68.3 83.6 2:55p 60.9 12:00m 1.4 4.7 0.00 1.6 12.0 3:40p N 12 66.2 77.4 2:50p 58.0 12:00m 2.0 3.2 0.00 1.6 12.0 3:05p N 13 65.9 81.4 1:20p 52.2 6:20a 3.8 4.6 0.00 1.4 12.0 2:45p N 14 65.9 76.5 2:15p 58.7 6:10a 2.3 3.1 0.00 2.0 14.0 11:20p N 15 65.5 77.7 1:45p 55.9 6:30a 2.8 3.3 0.00 1.8 12.0 2:30p N 16 67.8 80.7 2:40p 59.5 7:05a 1.8 4.6 0.00 1.9 12.0 9:15a N 17 68.0 81.4 2:45p 56.5 6:25a 2.3 5.3 0.00 1.5 12.0 3:40p N 18 69.4 83.2 2:15p 60.1 2:35a 1.2 5.6 0.00 1.4 11.0 1:50p N 19 68.9 81.2 2:40p 61.5 12:20a 0.9 4.8 0.00 1.6 12.0 12:35p N 20 67.5 81.2 2:15p 56.0 6:40a 2.3 4.9 0.00 1.5 12.0 3:55p N 21 68.8 81.1 2:20p 60.7 6:35a 0.6 4.3 0.00 1.8 13.0 3:40p N 22 70.1 83.0 4:10p 61.3 12:00m 0.7 5.7 0.00 1.6 12.0 3:55p N 23 60.8 62.0 3:30a 59.3 2:00a 1.2 0.0 0.00 0.3 5.0 4:55a SSW 24 25 26 27 28 29 30 31 ------------------------------------------------------------------------------------- 68.9 93.6 2 52.2 13 31.9 123.6 0.00 1.5 14.0 5 N Max >= 90.0: 2 Max <= 32.0: 0 Min <= 32.0: 0 Min <= 0.0: 0 Max Rain: 0.00 ON 08/01/17 Days of Rain: 0 (>.01 in) 0 (>.1 in) 0 (>1 in) Heat Base: 65.0 Cool Base: 65.0 Method: Integration

These reports are produced by WeatherLink V6.0.3.

deformed-offering