They're free, but use at your own risk
The scripts referenced here are used in the operation of this weather station, and may be freely copied and used to support your station. Please note that you use these scripts at your own risk. No warranty is expressed or implied. I accept no liability for any damages that may ensue from their use.
You will need to configure them for your own particular weather station website.
A RSS Feed is available to help keep you informed on updates to the scripts.
Many of these scripts are now available on GitHub at https://github.com/ktrue
A Version History is available -- check back from time to time to see if there are updates to scripts you have downloaded earlier.
Announcements of version updates and new scripts are made on
WXForum.net and
Weather-Watch forums
and saratogaWXPHP Twitter account as they become available.
Note: Twitter widget has been disabled 3-Jul-2023 since it no longer displays the recent update Tweets.
This page was updated
Friday, 11-Aug-2017 10:11 AM
PHP Scripts (run on webserver)
These scripts have run on PHP 4.1.2, and PHP 4.4.1. I don't have access to PHP 3.x, so it is not known if they will work on versions below PHP 4.1.2. If you try them and they work (or not) on earlier versions of PHP, please send me a message at webmaster[at]saratoga-weather.org and let me know the results.
Display .TXT NOAA style forecasts PHP
I needed to safely display a series of .TXT files (NOAA style climate reports) using the overall style of the website. My WeatherLink software produces regular reports (NOAAMO.TXT, NOAAPRMO.TXT, NOAAYR.TXT, NOAAPRYR.TXT) as part of the 5-minute update. I've also produced reports and named them NOAAyyyy.TXT for yearly reports and NOAAyyyy-mm.TXT for monthly reports. These I've uploaded (monthly) to a sub-directory on the website /NOAA-reports.
Version 1.04 (01-Dec-2007) adds a new feature for WeatherLink users to create new NOAAyyyy-mm.TXT and NOAAyyyy.TXT files from the respective NOAAPRMO.TXT and NOAAPRYR.TXT files when the month/year rolls over. It will copy the appropriate file to the $NOAAdir and name it so you have no monthly maintenance to do (except to view the NOAA reports page on the first of each month).
The NOAA-reports.php will read the sub-directory, sort the filenames produce a menu of available names, and display the file requested. It automatically uses NOAAMO.TXT and NOAAYR.TXT (WeatherLink version) for the current monthly and current yearly files. The nice thing about the script is it strictly controls what can be displayed (existing files only, no directory browsing). The following is a live display of WeatherLink produced NOAA style reports for this station.
<?php $doInclude = true; require("NOAA-reports-test.php"); ?>
2024: Jan | Feb | Mar | Apr | May | Jun | Jul | Aug | Sep | Oct | Nov | Dec
2023: Jan | Feb | Mar | Apr | May | Jun | Jul | Aug | Sep | Oct | Nov | Dec
2022: Jan | Feb | Mar | Apr | May | Jun | Jul | Aug | Sep | Oct | Nov | Dec
2021: Jan | Feb | Mar | Apr | May | Jun | Jul | Aug | Sep | Oct | Nov | Dec
2020: Jan | Feb | Mar | Apr | May | Jun | Jul | Aug | Sep | Oct | Nov | Dec
2019: Jan | Feb | Mar | Apr | May | Jun | Jul | Aug | Sep | Oct | Nov | Dec
2018: Jan | Feb | Mar | Apr | May | Jun | Jul | Aug | Sep | Oct | Nov | Dec
2017: Jan | Feb | Mar | Apr | May | Jun | Jul | Aug | Sep | Oct | Nov | Dec
2016: Jan | Feb | Mar | Apr | May | Jun | Jul | Aug | Sep | Oct | Nov | Dec
2015: Jan | Feb | Mar | Apr | May | Jun | Jul | Aug | Sep | Oct | Nov | Dec
2014: Jan | Feb | Mar | Apr | May | Jun | Jul | Aug | Sep | Oct | Nov | Dec
2013: Jan | Feb | Mar | Apr | May | Jun | Jul | Aug | Sep | Oct | Nov | Dec
2012: Jan | Feb | Mar | Apr | May | Jun | Jul | Aug | Sep | Oct | Nov | Dec
2011: Jan | Feb | Mar | Apr | May | Jun | Jul | Aug | Sep | Oct | Nov | Dec
2010: Jan | Feb | Mar | Apr | May | Jun | Jul | Aug | Sep | Oct | Nov | Dec
2009: Jan | Feb | Mar | Apr | May | Jun | Jul | Aug | Sep | Oct | Nov | Dec
2008: Jan | Feb | Mar | Apr | May | Jun | Jul | Aug | Sep | Oct | Nov | Dec
2007: Jan | Feb | Mar | Apr | May | Jun | Jul | Aug | Sep | Oct | Nov | Dec
2006: Jan | Feb | Mar | Apr | May | Jun | Jul | Aug | Sep | Oct | Nov | Dec
2005: Jan | Feb | Mar | Apr | May | Jun | Jul | Aug | Sep | Oct | Nov | Dec
2004: Jan | Feb | Mar | Apr | May | Jun | Jul | Aug | Sep | Oct | Nov | Dec
Report for 2014 11
MONTHLY CLIMATOLOGICAL SUMMARY for NOV. 2014
NAME: KCASARAT1 CITY: Saratoga STATE: CA
ELEV: 375 ft LAT: 37° 16' 28" N LONG: 122° 01' 23" W
TEMPERATURE (°F), RAIN (in), WIND SPEED (mph)
HEAT COOL AVG
MEAN DEG DEG WIND DOM
DAY TEMP HIGH TIME LOW TIME DAYS DAYS RAIN SPEED HIGH TIME DIR
------------------------------------------------------------------------------------
1 54.0 65.5 3:25p 48.0 11:55p 11.0 0.0 0.11 0.3 11.0 11:10a SW
2 54.1 68.1 1:30p 45.5 11:50p 11.2 0.3 0.01 0.6 11.0 3:10p NNW
3 55.2 73.0 1:45p 42.2 6:35a 11.1 1.3 0.00 0.3 10.0 12:45p NNW
4 56.8 73.5 2:20p 43.5 6:45a 9.7 1.5 0.00 0.4 11.0 1:15p NNW
5 61.0 81.1 2:40p 47.1 6:25a 7.5 3.5 0.00 0.2 7.0 10:40a NNW
6 60.8 77.6 1:50p 48.8 6:50a 7.1 2.9 0.00 0.1 8.0 3:50p N
7 58.6 76.1 1:50p 44.9 6:20a 8.6 2.2 0.00 0.2 8.0 1:10p N
8 61.6 79.0 3:35p 48.6 6:35a 6.8 3.4 0.01 0.2 8.0 12:45p N
9 61.2 81.1 1:50p 48.5 6:30a 7.3 3.5 0.00 0.0 8.0 3:45p N
10 57.9 77.2 1:50p 45.7 5:45a 9.0 1.9 0.00 0.1 8.0 2:20p NNW
11 57.4 68.3 12:35p 47.9 6:25a 8.0 0.4 0.01 0.6 13.0 11:40a SSW
12 60.6 70.1 2:50p 54.8 12:05a 5.1 0.8 0.00 0.3 10.0 10:10p ESE
13 60.7 68.9 2:25p 54.4 12:00m 4.9 0.6 0.03 0.8 18.0 2:05a ESE
14 56.0 66.8 12:30p 48.2 6:35a 9.1 0.1 0.01 0.3 8.0 10:20a N
15 54.7 68.6 1:45p 45.8 7:10a 10.6 0.3 0.01 0.6 12.0 2:55p NNW
16 53.9 66.1 12:25p 46.1 6:10a 11.1 0.0 0.00 0.5 12.0 12:05p NW
17 52.6 69.8 1:40p 40.2 6:55a 12.9 0.4 0.00 0.3 8.0 10:25a NNW
18 55.1 68.8 1:35p 43.2 6:05a 10.3 0.4 0.00 0.1 7.0 2:10p NNW
19 59.5 66.8 10:00a 52.6 1:25a 5.6 0.1 0.01 1.2 20.0 9:05a ESE
20 53.8 58.3 12:25p 48.6 11:25p 11.2 0.0 0.28 0.1 10.0 2:05p ESE
21 55.1 65.3 2:00p 46.1 5:05a 9.9 0.0 0.00 0.1 5.0 11:20a NNW
22 57.3 66.0 2:40p 49.4 9:15p 7.7 0.0 0.00 0.9 13.0 2:05p ESE
23 53.1 67.4 2:05p 44.6 7:15a 12.1 0.2 0.01 0.4 10.0 11:05a NW
24 53.5 69.9 2:50p 41.5 3:05a 12.1 0.6 0.00 0.4 10.0 12:25p NW
25 53.1 70.3 2:40p 40.8 7:00a 12.6 0.7 0.00 0.2 7.0 11:20a NNW
26 54.9 74.4 2:40p 41.9 7:10a 11.6 1.5 0.00 0.1 6.0 3:20p NNE
27 55.1 75.8 1:55p 42.6 7:15a 11.9 2.0 0.00 0.0 3.0 10:40a N
28 50.6 68.4 2:30p 38.3 5:00a 14.5 0.2 0.00 0.2 7.0 4:05p N
29 56.7 62.6 3:05p 50.2 12:05a 8.3 0.0 0.72 0.4 12.0 5:05p ESE
30 55.3 59.0 2:35p 50.7 9:05a 9.7 0.0 0.96 0.2 11.0 10:30p ESE
-------------------------------------------------------------------------------------
56.3 81.1 5 38.3 28 288.5 28.8 2.17 0.3 20.0 19 NNW
Max >= 90.0: 0
Max <= 32.0: 0
Min <= 32.0: 0
Min <= 0.0: 0
Max Rain: 0.96 ON 11/30/14
Days of Rain: 5 (>.01 in) 4 (>.1 in) 0 (>1 in)
Heat Base: 65.0 Cool Base: 65.0 Method: Integration
Downloads .. please customize for your directory and file naming convention ( WL or VWS).
Download WeatherLink/ VWS version (V1.07 - 11-Aug-2017) [ see version history ]